 4
1120031112
What is -23615724 (base 9) in base 8?
-53756346
Convert 57b6cb (base 13) to base 4.
13330033030
Convert 231140021 (base 5) to base 11.
649034
What is 22041054 (base 7) in base 9?
3503753
Convert -418332 (base 9) to base 11.
-15aa78
What is -211223333111 (base 4) in base 6?
-551430245
2110200211102 (base 3) to base 7
14105264
Convert 15235402 (base 6) to base 10.
533882
What is -25a81 (base 16) in base 5?
-14413431
Convert -11000111000110 (base 2) to base 11.
-9634
Convert -41010432 (base 5) to base 12.
-13a397
59162 (base 10) to base 3
10000011012
What is -101111001011110011001 (base 2) in base 9?
-2815810
-b62765 (base 14) to base 9
-12518022
Convert 1915304 (base 12) to base 8.
24030164
Convert 1820204 (base 9) to base 5.
230021441
176063 (base 11) to base 12
111209
What is 349 (base 13) in base 4?
20320
120783 (base 9) to base 16
11c6d
Convert 20102122210012 (base 3) to base 9.
6378705
Convert -546532 (base 7) to base 15.
-1d67a
Convert -41847 (base 14) to base 16.
-26957
-1414165 (base 8) to base 12
-173219
89755b (base 12) to base 10
2190167
-56053 (base 10) to base 14
-165db
-1614050 (base 7) to base 9
-367838
-11713573 (base 9) to base 6
-322544020
-9b6038 (base 13) to base 6
-210350141
What is -231124132 (base 5) in base 11?
-648540
What is c99a21 (base 13) in base 15?
637a3a
Convert -10212322 (base 6) to base 11.
-193438
What is 110110111111110001010 (base 2) in base 12?
72aa8a
Convert 10aca8 (base 15) to base 8.
3022517
Convert 211000211 (base 3) to base 14.
5bd2
Convert 10a71 (base 12) to base 15.
68e1
Convert 2614551 (base 7) to base 13.
bbaca
Convert -110a6 (base 12) to base 3.
-1010222200
-4aa640 (base 11) to base 16
-c4756
-47115 (base 11) to base 16
-109b2
Convert -1011010011100100001101 (base 2) to base 4.
-23103210031
Convert -81d300 (base 15) to base 16.
-5e263f
Convert 110032223 (base 4) to base 16.
143ab
-22221300221 (base 4) to base 11
-1638047
What is -91310 (base 10) in base 8?
-262256
What is 10111112100110 (base 3) in base 14?
366127
Convert 1420123333 (base 5) to base 12.
1293892
What is -3614614 (base 7) in base 3?
-212021002001
Convert -33123303121 (base 4) to base 14.
-77470d
5091550 (base 10) to base 2
10011011011000011011110
87b479 (base 13) to base 7
36105331
-176136 (base 8) to base 11
-445a3
-22033413 (base 5) to base 10
-189858
Convert 5b15b (base 13) to base 3.
22111101020
Convert -52650401 (base 8) to base 11.
-6379341
Convert -4542441 (base 6) to base 5.
-24400124
139b64 (base 16) to base 5
312104324
What is 2ab233a (base 12) in base 6?
510150114
What is -100223412 (base 5) in base 3?
-202020210020
Convert -2a77160 (base 12) to base 6.
-504413000
What is 1403512 (base 7) in base 3?
100110100211
What is 1d222d0 (base 14) in base 2?
110111101101011101101110
What is -1667341 (base 10) in base 12?
-684a91
Convert 59720 (base 12) to base 10.
120264
7145417 (base 9) to base 3
21011112110121
Convert -367892 (base 11) to base 4.
-2031330021
ad911 (base 15) to base 4
2012303212
Convert 2442123404 (base 5) to base 7.
100306134
What is 5c181 (base 13) in base 5?
20410233
Convert -158615 (base 10) to base 4.
-212232113
20202212220 (base 3) to base 13
488b8
Convert 111001101001001101 (base 2) to base 11.
151435
121102221122222 (base 3) to base 5
4214111104
Convert 122110212020 (base 3) to base 4.
1103332302
Convert 10000101000101011010110 (base 2) to base 13.
b98c33
What is 100001101011111010 (base 2) in base 5?
13403403
Convert 811254 (base 9) to base 11.
2a8607
What is -218865 (base 9) in base 13?
-47942
What is -1807 (base 16) in base 11?
-4692
What is -757467 (base 12) in base 9?
-3442037
34423213 (base 5) to base 7
2433606
5327240 (base 9) to base 7
33151062
-110110111111010110110000 (base 2) to base 3
-1000010101001021
Convert -b2a4 (base 13) to base 7.
-131556
3112232222 (base 4) to base 3
1122200111012
Convert 21440423 (base 5) to base 3.
100111111111
What is -306403 (base 9) in base 7?
-1355112
2932ac (base 14) to base 7
15104405
What is -10001111100001111 (base 2) in base 9?
-121722
-141310434 (base 5) to base 9
-1330734
Convert -4d0a9 (base 15) to base 14.
-65bb8
Convert -1007613 (base 9) to base 6.
-15302150
Convert -57c96 (base 15) to base 6.
-5554223
Convert -30c280 (base 14) to base 2.
-110010010000100111000
-100110010101110000 (base 2) to base 3
-21222102022
Convert 34c0b (base 13) to base 3.
11220101110
What is -1413330112 (base 5) in base 11?
-2074806
Convert 10100001010000001000 (base 2) to base 11.
411264
Convert -7118b (base 12) to base 13.
-51c7a
Convert 8e6f (base 16) to base 14.
d407
185693 (base 14) to base 10
860177
What is 107aa69 (base 11) in base 2?
111001101000110000011
What is -8416446 (base 10) in base 15?
-b13b66
3a5762 (base 13) to base 11
884728
What is -a061d7 (base 14) in base 13?
-116b87b
What is 11030102233 (base 5) in base 4?
231213011120
Convert -1100100001101110011 (base 2) to base 10.
-410483
What is 388859 (base 11) in base 13?
18570c
Convert -691048 (base 10) to base 12.
-293ab4
14a7a7 (base 11) to base 16
391a1
-16368431 (base 9) to base 2
-11111010000100100001000
Convert 15451403 (base 6) to base 8.
2064373
What is -15502103 (base 6) in base 12?
-227933
-3001310011 (base 5) to base 16
-59cc4e
Convert -104404554 (base 6) to base 8.
-7173666
What is -1125007 (base 8) in base 3?
-120112022011
Convert 136c87 (base 16) to base 6.
43141211
What is 813706 (base 9) in base 12?
1b2929
Convert -7be7d (base 16) to base 2.
-1111011111001111101
Convert 815337 (base 13) to base 6.
144305123
What is -100264212 (base 7) in base 9?
-11841643
-283814 (base 9) to base 16
-2a57a
Convert 5b7fa (base 16) to base 3.
201001002200
Convert 212931 (base 11) to base 3.
122022010011
-2012000210 (base 3) to base 11
-2a370
126a904 (base 12) to base 2
1101110101011010010100
Convert -24330 (base 12) to base 13.
-1930b
-36baa (base 13) to base 5
-11211424
What is -67a5 (base 11) in base 4?
-2023310
What is 39632 (base 10) in base 7?
223355
Convert -3340353 (base 7) to base 2.
-1100100110111100101
Convert 110a2a (base 12) to base 9.
452717
-a2272 (base 13) to base 8
-1067203
What is ce001 (base 15) in base 3?
1020021011001
-1151633 (base 8) to base 7
-2455126
What is -22222231012 (base 4) in base 12?
-b2a31a
213022023232 (base 4) to base 3
201022112101021
Convert -29505 (base 10) to base 4.
-13031001
What is 4a44 (base 14) in base 13?
5bb9
What is -1791578 (base 12) in base 2?
-10010110000011011101100
-400023204 (base 6) to base 16
-6690f4
Convert -204143105 (base 6) to base 10.
-3559505
Convert -1a429 (base 16) to base 7.
-625406
What is -10111001000111110101 (base 2) in base 3?
-1102112010202
What is 13105022 (base 6) in base 7?
3434033
-17bc8 (base 13) to base 9
-70040
Convert 303133 (base 5) to base 13.
45c4
-852a (base 12) to base 7
-60334
Convert -16434463 (base 7) to base 15.
-21aa71
Convert 79161 (base 10) to base 6.
1410253
Convert -6dcdde (base 16) to base 8.
-33346736
What is -c084b (base 15) in base 9?
-1127808
What is -132010032 (base 4) in base 14?
-32c46
-61872 (base 10) to base 8
-170660
What is 20201102101022 (base 3) in base 4?
31213303220
Convert 38969 (base 16) to base 2.
111000100101101001
What is -10463034 (base 8) in base 12?
-908738
17d3c (base 14) to base 11
41281
What is -7c85f (base 16) in base 7?
-4223006
-89760 (base 15) to base 12
-190b00
388988 (base 10) to base 5
44421423
c8b54a (base 14) to base 9
13702432
What is 132878 (base 11) in base 12?
a0929
-1140330 (base 7) to base 5
-14103403
Convert -29478 (base 15) to base 10.
-132638
-c212 (base 13) to base 7
-140615
What is -222200210201 (base 3) in base 13?
-155236
-1100002101121 (base 3) to base 11
-445757
22394 (base 10) to base 4
11131322
What is -488537 (base 12) in base 16?
-11f0fb
-a231d8 (base 14) to base 4
-110311322022
Convert 312020202 (base 4) to base 16.
36222
What is -4213204 (base 5) in base 3?
-10112202100
42704776 (base 8) to base 16
8b89fe
-1001011000101110011 (base 2) to base 6
-10331535
What is -238600 (base 10) in base 15?
-4aa6a
133201122121 (base 4) to base 10
8263321
-201041233 (base 5) to base 13
-21cc23
-13101 (base 14) to base 13
-18426
What is -672a9 (base 11) in base 4?
-113303310
Convert 491935 (base 11) to base 4.
2332002333
-10101101011001111001101 (base 2) to base 13
-123c407